9
Let o(b) = -b**3 - 2*b**2 + 12*b - 8. Let t = 6729 + -6734. What is o(t)?
7
Suppose 36 = -36*b + 33*b. Let j be (b/4)/(-1 - 3/(-2)). Let z(i) be the first derivative of i**4/4 + 7*i**3/3 + 4*i**2 + 6*i + 4. Calculate z(j).
-6
Let a(v) = 174*v - 924. Let o(t) = 11*t - 58. Let w(u) = -2*a(u) + 33*o(u). What is w(7)?
39
Suppose 3*k - 3*g - 48 = 0, -12*k + 16*k + 7*g = 42. Let p(j) = j**3 - 15*j**2 + 16*j + 7. What is p(k)?
35
Let s(b) = -b**2 - 1 + 9*b + 6 + 0. Let n(u) = -u**2 + 13*u + 119. Let g be n(-6). Suppose -g*w - 258 + 308 = 0. Calculate s(w).
-5
Let o(g) = -12*g + 84. Suppose -3*y = -u - 5, 619*u - 2*y + 22 = 621*u. Give o(u).
0
Let f(x) = 8*x - 23. Let g be f(3). Let p = 2 - g. Let i be (26 + -25)*(p - 7). Let n(b) = b**2 + 6*b - 1. Determine n(i).
-1
Let i(k) be the first derivative of -101 + k + k**2 + 1/3*k**3. Give i(2).
9
Let k(y) = -6*y**2 - 2*y + 2. Suppose 2*b = 7*f - 8*f + 5, -3*b + 5*f = -14. Suppose 3*o - b*i = -7*i - 5, -5*o - 2*i + 1 = 0. Calculate k(o).
-6
Suppose 5*m + 3 = 2*i - 24, 0 = 2*m - i + 12. Let c(g) = -g**3 - 3*g**2 - 12*g - 19. Calculate c(m).
17
Let l(h) = -3 - 7*h**2 - 27*h**3 + 11*h + 14*h**3 + 14*h**3. Let w be l(5). Let p(b) = 86*b + 6*b**2 + 90*b - 173*b + 0*b**w + 3. Give p(-2).
21
Suppose -12*f - 3252 = -4*f - 3228. Let i(q) = -2*q**2 - 2*q - 6. What is i(f)?
-18
Suppose 18*o = 13*o + 20. Suppose o*d = -2*d + 60. Let x(h) = -11*h**2 - 4 - 5 + d*h**2 + 9*h. What is x(6)?
9
Suppose -3*p = 2*o + 6, -o - 12 = 4*p + 3*o. Let v(m) be the first derivative of m**2/2 - 19*m + 2. Give v(p).
-19
Let z(f) be the third derivative of f**6/120 - f**5/20 + f**4/8 - f**3/6 + 8*f**2 + 86. Determine z(4).
27
Let i(p) = -5*p + 1. Let n(x) = 3*x + 10. Let z(s) = s + 4. Let v(d) = -2*n(d) + 5*z(d). Let j(c) = 2*i(c) - 9*v(c). What is j(7)?
-5
Suppose 294 - 284 = 2*h, 5*t + 15 = 3*h. Let a(v) = v**2 + v - 78. Give a(t).
-78
Suppose 0 = 4*g - y - 89, -23*g = -18*g - 2*y - 112. Let x = g - 24. Let n(w) = -2*w**2 - 2. Calculate n(x).
-10
Let y be -8 - (-1 - 26/(-2))*(-44)/(-176). Let m(a) = -a**2 - 4*a + 28. What is m(y)?
-49
Let c(p) = -5*p**2 + 3*p + 3. Let f = -423 + 423. Let u be 1*6/21*(f + -7). Give c(u).
-23
Let s be (-1 - -1) + 1 + -1. Let d(v) be the first derivative of v**4/4 - v**3/3 + v**2/2 + 2*v - 23042. What is d(s)?
2
Let w = 9923 + -9932. Let c(l) = -l**3 - 9*l**2 + l + 11. What is c(w)?
2
Let l(x) = 15*x + 39. Suppose 2*d - 3*i = 6, -5*d - 15 = -4*i - 16. Give l(d).
-6
Suppose -177 - 2 = -3*d - 4*o, -4*o = -d + 33. Let j be (195 - 197)*(2 + 27)*-1. Suppose y - j = -d. Let r(m) = -m**2 + 5*m + 2. What is r(y)?
2
Let t(g) = -57*g**2 + g. Suppose 0 = 4*p, 2*p + 2*p - 3 = -3*a + 5*p. What is t(a)?
-56
Let r(p) be the third derivative of p**6/120 - p**5/10 + 7*p**4/24 - 7*p**3/6 + 30*p**2. Suppose -5 = -3*w - 2*w. Let b be 5/(15/2)*6 + w. Determine r(b).
3
Let o(m) = m**3 - 7*m**2 - 9*m + 4. Let u(t) = -14*t + 190. Let h be u(13). Calculate o(h).
-4
Suppose 0 = -5*m + 3*h + 60, -98*m + 101*m = -5*h + 2. Let k(o) = -o**3 + 9*o**2 + o - 20. Calculate k(m).
-11
Let n(y) be the second derivative of -y**4/12 + 8*y**3/3 - 23*y**2 + 64*y + 50. Give n(6).
14
Let n(a) be the second derivative of -5/2*a**2 + 29*a + 0 - 2/3*a**3. Let k be (2/3)/((-1)/6). Give n(k).
11
Let p(q) = q**2 + 2*q + 1. Let y(c) = -c**2 - 9*c - 77. Let l(h) = -6*p(h) - y(h). Let r(g) be the first derivative of l(g). Give r(-1).
7
Let g(u) = -u**2 - 20*u - 39. Let f be g(-19). Let v = f - -20. Let i be ((-36)/16 - -2)*v. Let j(b) = -b**2 - 9. What is j(i)?
-9
Let q(o) be the first derivative of -o**7/840 - o**6/90 + o**5/120 - o**4/6 - 73*o**3/3 + 44. Let c(j) be the third derivative of q(j). Determine c(-4).
-8
Suppose 4*p = -2*g + p - 17, p = -5. Let f(r) be the third derivative of 3*r**5/10 + r**4/12 + r**3/6 + 49*r**2 + 3*r. Determine f(g).
17
Let w = 5 - 11. Let l(r) = 112*r**2 + 10*r + 10. Let z(j) = -67*j**2 - 5*j - 6. Let n(a) = 3*l(a) + 5*z(a). Determine n(w).
6
Let n be 4 + (13 - 16) + -2 + 3. Let z(t) = 18*t**2 - 2*t - 3. Calculate z(n).
65
Let i(k) = 2*k**2 + 3*k + 3. Let b be i(5). Let g(r) = -23*r - 558. Let s be g(-25). Suppose 0*c = -s*c - b. Let a(p) = p**3 + 6*p**2 + 6*p. Determine a(c).
8
Let a(w) = 2*w - 17. Let h = 374 + -370. Give a(h).
-9
Let h(t) = 11*t - 3. Let f(l) = 10*l - 3. Let j(p) = 6*f(p) - 5*h(p). Let n be 18/(-54) + 92/6. Suppose 17*i = n*i + 4. What is j(i)?
7
Let f be 10/(-2) - (-2142)/63. Suppose -10 = -f*h + 48. Let o(k) = 5*k**3 - 4*k**2 + k + 2. Calculate o(h).
28
Let j(w) be the second derivative of -7*w**3/6 + 115*w**2/2 - 13001*w. Determine j(0).
115
Let l(z) be the first derivative of -11*z**2 + 2*z + 58. Let y(q) = -18*q + 1. Let t(h) = 4*l(h) - 5*y(h). Calculate t(9).
21
Let j(u) = -u**2 - 5*u + 1. Suppose 3*l = -4*l - 35. Let r be j(l). Let c(x) be the first derivative of x**4 + 2*x**3/3 - x**2/2 - 15. Determine c(r).
5
Let h(q) = -q**2 + 5*q. Let f be (-74)/(-8) - (-11)/((-308)/35). Determine h(f).
-24
Let c(q) be the third derivative of -q**6/120 + q**5/40 - q**4/24 + 3*q**3/2 - 14*q**2 - 1. Let j(g) be the second derivative of c(g). Determine j(3).
-15
Let d(p) = -3*p**3 - 47*p**2 - 32*p - 34. Let q be d(-15). Let l be (-4)/(-8) - (-71)/2. Let b(j) = -32*j + l*j + 9 - 3. Give b(q).
-10
Suppose -y - 12 = -4*u, -2*u = -7*y + 3*y - 6. Let q(p) be the first derivative of -p**4/4 + p**3/3 - p**2/2 - 6*p - 17. What is q(y)?
-6
Let z(a) = -a**3 + a**2 + 4*a. Let p be z(-2). Let j(u) = -3*u**2 - 4*u + 6. What is j(p)?
-58
Let b(s) = 5*s**2. Let n(q) = -3*q - 37. Suppose -5*o = p + 8, p - 7*o + 17 = -3*o. Let d be n(p). Calculate b(d).
20
Let a(t) = t**3 + 13*t**2 - 30*t + 9. Let r(v) = -509*v**2 + 1521*v + 3. Let k be r(3). Give a(k).
9
Let w(i) = 14*i + 46. Suppose -104*t = c - 101*t + 13, 2*c + 17 = -3*t. Determine w(c).
-10
Let p(a) = a**3 - 5*a**2 - 3*a + 6. Let u(k) = -2*k**3 - 9*k**2 - 5*k. Let d be u(-6). Let i = 141 - d. Suppose -5*t + 4*x = -20, -7 = -t - 3*x - i. Give p(t).
-22
Let z(q) = q**2 + 18*q + 3*q - 191 - 212 - 204 + 628. Give z(-1).
1
Let s(r) = -11*r**3 + r**2 - 1. Let z(c) be the third derivative of c**5/60 + 5*c**4/12 - 20*c**3/3 + 29*c**2. Let i be z(-13). Determine s(i).
11
Let a(v) be the first derivative of -1/4*v**4 + 4*v + 1/2*v**2 + 0*v**3 - 46. Calculate a(3).
-20
Let i = 16 - 10. Let z be (-4)/i - 15/(-9). Let r(d) = -25*d - 2. Let h(l) = -70*l - 5. Let w(t) = h(t) - 3*r(t). Give w(z).
6
Let v = 321 + -319. Let b(d) = -3 + 50*d**2 - 41*d**v + 1 + d. Determine b(-2).
32
Let w(l) be the first derivative of l**4/4 + 2*l**3 + 3*l**2 - 2*l + 309. Suppose 1 + 9 = -2*j + g, 10 = -2*j - 5*g. What is w(j)?
-7
Let y(u) = -4*u + 4. Let w(j) = j**2 + 14. Let c(g) = w(g) - 2*y(g). Let r(n) = n**3 - 5*n**2 + 4*n + 1. Let x be r(3). Calculate c(x).
-9
Suppose 10 + 5 = 5*n. Let f(x) = -28*x - 92 + 94 + 3*x**2 + 68*x - 39*x + 0*x**2. Determine f(n).
32
Let i(m) = m**3 + 7*m**2 + 5*m + 4. Let b(h) = h**3 - 118*h**2 - 1417*h - 262. Let p be b(129). Give i(p).
32
Let w(z) = z**2 - 8*z - 3. Let u be w(7). Let i = u + 5. Let t(d) be the second derivative of d**5/20 + 5*d**4/12 - 2*d**3/3 + d**2/2 - 7*d + 29. Give t(i).
21
Let b(x) = -x**2 - 13*x - 26. Let a = -87 + 76. Let k be b(a). Let v(l) = -l**2 - 7*l - 2. Calculate v(k).
10
Let a(n) = -4*n**2 + 48 - 13*n + n**3 - 175 + 122. Give a(6).
-11
Let b(f) = -2*f**2 - 59*f - 352. Let w be b(-8). Let o(g) = -4*g - 50. What is o(w)?
-18
Let w = 26 - 39. Let x(z) = -16*z**2 + 24*z - 17. Let s(j) = 7*j**2 - 12*j + 9. Let k(f) = -9*s(f) - 4*x(f). What is k(w)?
0
Let i(v) = v**2 + 15*v + 11*v - 24*v + 7 + 17*v. Determine i(-19).
7
Suppose 30*x - 298 = 392. Let v be 13 - x - (-1 - 4). Let p(o) = -o**2 - 5*o - 4. What is p(v)?
-4
Let m be (0 - 2) + (-24)/(-4). Let q be (-2)/8 + 0 - m/(-16). Suppose -3*p - 1 = 2*a - 14, q = -a + 2*p + 17. Let u(y) = 2*y - 15. Determine u(a).
7
Let r(b) = -b - 6*b**2 + 42 - 3*b**3 + 4*b**3 - 35 - b**2 + 0*b**2. Suppose 31 = 5*y - 2*y + 2*p, 4*y = -p + 33. Determine r(y).
0
Let l(t) = 6*t - 3*t - 3*t + 7*t - 11 - 21*t. Give l(1).
-25
Let g(n) = -2*n**2 - n**3 + 4*n - 4*n + 2*n + 3 - 3*n. Let w(s) = 44*s + 12 - 36*s + 25. Let z be w(-5). Calculate g(z).
15
Let z(g) = -g**2 + 7*g + 2. Let t = -121 - -146. Suppose -31*a + 48 = 